{"id":99,"date":"2026-03-21T21:24:05","date_gmt":"2026-03-21T21:24:05","guid":{"rendered":"https:\/\/musas.mercadolacancha.com\/producto\/huevos-napolitanos\/"},"modified":"2026-04-25T01:54:53","modified_gmt":"2026-04-25T01:54:53","slug":"huevos-napolitanos","status":"publish","type":"product","link":"https:\/\/unifranz.ejesrl.net\/musas\/producto\/huevos-napolitanos\/","title":{"rendered":"Huevos napolitanos"},"content":{"rendered":"<p>Huevos cocidos a la perfecci\u00f3n sobre una suave base de salsa de tomate, cubiertos con queso fundido y decorados con ma\u00edz y ceboll\u00edn fresco, acompa\u00f1ados de crutones artesanales de masa madre que aportan textura y sabor.<\/p>\n","protected":false},"excerpt":{"rendered":"<p>Huevos con salsa y queso gratinado.<\/p>\n","protected":false},"featured_media":209,"comment_status":"open","ping_status":"closed","template":"","meta":[],"product_brand":[],"product_cat":[24],"product_tag":[],"class_list":{"0":"post-99","1":"product","2":"type-product","3":"status-publish","4":"has-post-thumbnail","6":"product_cat-antojos-salados","7":"description-off","9":"first","10":"instock","11":"taxable","12":"shipping-taxable","13":"purchasable","14":"product-type-simple"},"_links":{"self":[{"href":"https:\/\/unifranz.ejesrl.net\/musas\/wp-json\/wp\/v2\/product\/99","targetHints":{"allow":["GET"]}}],"collection":[{"href":"https:\/\/unifranz.ejesrl.net\/musas\/wp-json\/wp\/v2\/product"}],"about":[{"href":"https:\/\/unifranz.ejesrl.net\/musas\/wp-json\/wp\/v2\/types\/product"}],"replies":[{"embeddable":true,"href":"https:\/\/unifranz.ejesrl.net\/musas\/wp-json\/wp\/v2\/comments?post=99"}],"wp:featuredmedia":[{"embeddable":true,"href":"https:\/\/unifranz.ejesrl.net\/musas\/wp-json\/wp\/v2\/media\/209"}],"wp:attachment":[{"href":"https:\/\/unifranz.ejesrl.net\/musas\/wp-json\/wp\/v2\/media?parent=99"}],"wp:term":[{"taxonomy":"product_brand","embeddable":true,"href":"https:\/\/unifranz.ejesrl.net\/musas\/wp-json\/wp\/v2\/product_brand?post=99"},{"taxonomy":"product_cat","embeddable":true,"href":"https:\/\/unifranz.ejesrl.net\/musas\/wp-json\/wp\/v2\/product_cat?post=99"},{"taxonomy":"product_tag","embeddable":true,"href":"https:\/\/unifranz.ejesrl.net\/musas\/wp-json\/wp\/v2\/product_tag?post=99"}],"curies":[{"name":"wp","href":"https:\/\/api.w.org\/{rel}","templated":true}]}}