{"id":54,"date":"2026-03-21T21:23:51","date_gmt":"2026-03-21T21:23:51","guid":{"rendered":"https:\/\/musas.mercadolacancha.com\/producto\/expresso-simple\/"},"modified":"2026-04-27T22:06:25","modified_gmt":"2026-04-27T22:06:25","slug":"expresso-simple","status":"publish","type":"product","link":"https:\/\/unifranz.ejesrl.net\/musas\/producto\/expresso-simple\/","title":{"rendered":"Expresso simple"},"content":{"rendered":"<p data-start=\"194\" data-end=\"422\">Caf\u00e9 concentrado preparado mediante la extracci\u00f3n r\u00e1pida de granos finamente molidos, que da como resultado una bebida de cuerpo intenso, sabor profundo y aroma marcado, ideal para quienes disfrutan el caf\u00e9 en su forma m\u00e1s pura.<\/p>\n","protected":false},"excerpt":{"rendered":"<p>Shot de caf\u00e9 intenso.<\/p>\n","protected":false},"featured_media":292,"comment_status":"open","ping_status":"closed","template":"","meta":[],"product_brand":[],"product_cat":[17],"product_tag":[],"class_list":{"0":"post-54","1":"product","2":"type-product","3":"status-publish","4":"has-post-thumbnail","6":"product_cat-bebidas-calientes-con-cafe","7":"description-off","9":"first","10":"instock","11":"taxable","12":"shipping-taxable","13":"purchasable","14":"product-type-simple"},"_links":{"self":[{"href":"https:\/\/unifranz.ejesrl.net\/musas\/wp-json\/wp\/v2\/product\/54","targetHints":{"allow":["GET"]}}],"collection":[{"href":"https:\/\/unifranz.ejesrl.net\/musas\/wp-json\/wp\/v2\/product"}],"about":[{"href":"https:\/\/unifranz.ejesrl.net\/musas\/wp-json\/wp\/v2\/types\/product"}],"replies":[{"embeddable":true,"href":"https:\/\/unifranz.ejesrl.net\/musas\/wp-json\/wp\/v2\/comments?post=54"}],"wp:featuredmedia":[{"embeddable":true,"href":"https:\/\/unifranz.ejesrl.net\/musas\/wp-json\/wp\/v2\/media\/292"}],"wp:attachment":[{"href":"https:\/\/unifranz.ejesrl.net\/musas\/wp-json\/wp\/v2\/media?parent=54"}],"wp:term":[{"taxonomy":"product_brand","embeddable":true,"href":"https:\/\/unifranz.ejesrl.net\/musas\/wp-json\/wp\/v2\/product_brand?post=54"},{"taxonomy":"product_cat","embeddable":true,"href":"https:\/\/unifranz.ejesrl.net\/musas\/wp-json\/wp\/v2\/product_cat?post=54"},{"taxonomy":"product_tag","embeddable":true,"href":"https:\/\/unifranz.ejesrl.net\/musas\/wp-json\/wp\/v2\/product_tag?post=54"}],"curies":[{"name":"wp","href":"https:\/\/api.w.org\/{rel}","templated":true}]}}