{"id":21,"date":"2026-03-16T22:55:05","date_gmt":"2026-03-16T22:55:05","guid":{"rendered":"https:\/\/musas.mercadolacancha.com\/?page_id=21"},"modified":"2026-04-06T22:42:38","modified_gmt":"2026-04-06T22:42:38","slug":"inicio","status":"publish","type":"page","link":"https:\/\/unifranz.ejesrl.net\/musas\/","title":{"rendered":"Inicio"},"content":{"rendered":"<div class=\"wpb-content-wrapper\"><p>[vc_row][vc_column][vc_single_image image=\u00bb25&#8243; img_size=\u00bbfull\u00bb css=\u00bb\u00bb][\/vc_column][\/vc_row][vc_row][vc_column][vc_text_separator title=\u00bb\u00bfQuienes somos?\u00bb color=\u00bbblue\u00bb css_animation=\u00bbfadeInRight\u00bb css=\u00bb\u00bb][vc_column_text css=\u00bb\u00bb]En Las Musas, cada taza nace de la inspiraci\u00f3n art\u00edstica. Nos inspiramos en la intensidad y emoci\u00f3n de Vincent van Gogh para crear un espacio donde el caf\u00e9, el arte y la creatividad se encuentran[\/vc_column_text][\/vc_column][\/vc_row][vc_row][vc_column][vc_text_separator title=\u00bbEventos\u00bb color=\u00bbblue\u00bb]<style type=\"text\/css\" data-type=\"the7_shortcodes-inline-css\">.gallery-carousel-shortcode.gallery-carousel-shortcode-id-f518464ab364637654264168f4811d9b.owl-carousel .owl-nav div {\n  width: 36px;\n  height: 36px;\n  border-radius: 500px;\n}\n.dt-arrow-border-on.gallery-carousel-shortcode.gallery-carousel-shortcode-id-f518464ab364637654264168f4811d9b.owl-carousel .owl-nav div:not(:hover):before {\n  border-width: 0px;\n}\n.dt-arrow-hover-border-on.gallery-carousel-shortcode.gallery-carousel-shortcode-id-f518464ab364637654264168f4811d9b.owl-carousel .owl-nav div:hover:after {\n  border-width: 0px;\n}\n.gallery-carousel-shortcode.gallery-carousel-shortcode-id-f518464ab364637654264168f4811d9b.owl-carousel .owl-nav div.owl-prev {\n  top: 50%;\n  transform: translateY(calc(-50% + 0px));\n  left: -43px;\n}\n@media all and (-ms-high-contrast: none) {\n  .gallery-carousel-shortcode.gallery-carousel-shortcode-id-f518464ab364637654264168f4811d9b.owl-carousel .owl-nav div.owl-prev {\n    transform: translateY(-50%);\n    margin-top: 0px;\n  }\n}\n.gallery-carousel-shortcode.gallery-carousel-shortcode-id-f518464ab364637654264168f4811d9b.owl-carousel .owl-nav div.owl-prev i {\n  padding: 0px 0px 0px 0px;\n}\n.gallery-carousel-shortcode.gallery-carousel-shortcode-id-f518464ab364637654264168f4811d9b.owl-carousel .owl-nav div.owl-next {\n  top: 50%;\n  transform: translateY(calc(-50% + 0px));\n  right: -43px;\n}\n@media all and (-ms-high-contrast: none) {\n  .gallery-carousel-shortcode.gallery-carousel-shortcode-id-f518464ab364637654264168f4811d9b.owl-carousel .owl-nav div.owl-next {\n    transform: translateY(-50%);\n    margin-top: 0px;\n  }\n}\n.gallery-carousel-shortcode.gallery-carousel-shortcode-id-f518464ab364637654264168f4811d9b.owl-carousel .owl-nav div.owl-next i {\n  padding: 0px 0px 0px 0px;\n}\n.gallery-carousel-shortcode.gallery-carousel-shortcode-id-f518464ab364637654264168f4811d9b.owl-carousel .owl-nav i {\n  font-size: 18px;\n}\n.gallery-carousel-shortcode.gallery-carousel-shortcode-id-f518464ab364637654264168f4811d9b.owl-carousel .owl-nav div:not(:hover) i,\n.gallery-carousel-shortcode.gallery-carousel-shortcode-id-f518464ab364637654264168f4811d9b.owl-carousel .owl-nav div:not(:hover) i:before {\n  color: #ffffff;\n  background: none;\n}\n.gallery-carousel-shortcode.gallery-carousel-shortcode-id-f518464ab364637654264168f4811d9b.owl-carousel .owl-nav div:hover i,\n.gallery-carousel-shortcode.gallery-carousel-shortcode-id-f518464ab364637654264168f4811d9b.owl-carousel .owl-nav div:hover i:before {\n  color: rgba(255,255,255,0.75);\n  background: none;\n}\n.gallery-carousel-shortcode.gallery-carousel-shortcode-id-f518464ab364637654264168f4811d9b .owl-dots {\n  top: calc(100% + 20px);\n  left: 50%;\n  transform: translateX(calc(-50% + 0px));\n}\n@media all and (-ms-high-contrast: none) {\n  .gallery-carousel-shortcode.gallery-carousel-shortcode-id-f518464ab364637654264168f4811d9b .owl-dots {\n    transform: translateX(-50%);\n    margin-left: 0px;\n  }\n}\n.gallery-carousel-shortcode.gallery-carousel-shortcode-id-f518464ab364637654264168f4811d9b .owl-dot {\n  width: 10px;\n  height: 10px;\n  margin: 0 8px;\n}\n@media screen and (max-width: 778px) {\n  .gallery-carousel-shortcode.gallery-carousel-shortcode-id-f518464ab364637654264168f4811d9b.hide-arrows .owl-nav a {\n    display: none;\n  }\n}\n@media screen and (max-width: 778px) {\n  .gallery-carousel-shortcode.gallery-carousel-shortcode-id-f518464ab364637654264168f4811d9b.reposition-arrows .owl-nav div.owl-prev {\n    top: 50%;\n    transform: translateY(calc(-50% + 0px));\n    left: 10px;\n  }\n  .gallery-carousel-shortcode.gallery-carousel-shortcode-id-f518464ab364637654264168f4811d9b.reposition-arrows .owl-nav div.owl-next {\n    top: 50%;\n    transform: translateY(calc(-50% + 0px));\n    right: 10px;\n  }\n}\n@media screen and (max-width: 778px) and all and (-ms-high-contrast: none) {\n  .gallery-carousel-shortcode.gallery-carousel-shortcode-id-f518464ab364637654264168f4811d9b.reposition-arrows .owl-nav div.owl-prev {\n    transform: translateY(-50%);\n    margin-top: 0px;\n  }\n}\n@media screen and (max-width: 778px) and all and (-ms-high-contrast: none) {\n  .gallery-carousel-shortcode.gallery-carousel-shortcode-id-f518464ab364637654264168f4811d9b.reposition-arrows .owl-nav div.owl-next {\n    transform: translateY(-50%);\n    margin-top: 0px;\n  }\n}\n.gallery-carousel-shortcode.gallery-carousel-shortcode-id-f518464ab364637654264168f4811d9b figure,\n.gallery-carousel-shortcode.gallery-carousel-shortcode-id-f518464ab364637654264168f4811d9b .rollover,\n.gallery-carousel-shortcode.gallery-carousel-shortcode-id-f518464ab364637654264168f4811d9b img,\n.gallery-carousel-shortcode.gallery-carousel-shortcode-id-f518464ab364637654264168f4811d9b .gallery-rollover {\n  border-radius: 0px;\n}\n.gallery-carousel-shortcode.gallery-carousel-shortcode-id-f518464ab364637654264168f4811d9b.enable-bg-rollover .gallery-rollover {\n  background: -webkit-linear-gradient();\n  background: linear-gradient();\n}\n.gallery-carousel-shortcode.gallery-carousel-shortcode-id-f518464ab364637654264168f4811d9b.enable-img-shadow .owl-stage-outer {\n  padding: 14px 0;\n}\n.gallery-carousel-shortcode.gallery-carousel-shortcode-id-f518464ab364637654264168f4811d9b.enable-bg-rollover.hover-scale figure .rollover:after {\n  background: -webkit-linear-gradient();\n  background: linear-gradient();\n}\n.gallery-carousel-shortcode.gallery-carousel-shortcode-id-f518464ab364637654264168f4811d9b.gallery-shortcode .gallery-zoom-ico {\n  width: 44px;\n  height: 44px;\n  line-height: 44px;\n  border-radius: 100px;\n  margin: -22px 0 0 -22px;\n  border-width: 0px;\n}\n.dt-icon-bg-on.gallery-carousel-shortcode.gallery-carousel-shortcode-id-f518464ab364637654264168f4811d9b.gallery-shortcode .gallery-zoom-ico {\n  background: rgba(255,255,255,0.3);\n  box-shadow: none;\n}\n.gallery-carousel-shortcode.gallery-carousel-shortcode-id-f518464ab364637654264168f4811d9b.gallery-shortcode .gallery-zoom-ico:before,\n.gallery-carousel-shortcode.gallery-carousel-shortcode-id-f518464ab364637654264168f4811d9b.gallery-shortcode .gallery-zoom-ico span {\n  font-size: 32px;\n  line-height: 44px;\n  color: #ffffff;\n  background: none;\n}<\/style><div class=\"owl-carousel gallery-carousel-shortcode gallery-shortcode  dt-gallery-container dt-owl-carousel-call gallery-carousel-shortcode-id-f518464ab364637654264168f4811d9b quick-scale-img enable-bg-rollover meta-info-off dt-arrow-border-on dt-arrow-hover-border-on bullets-small-dot-stroke reposition-arrows dt-icon-bg-off arrows-bg-on disable-arrows-hover-bg arrows-hover-bg-on  hover-fade \" data-scroll-mode=\"1\" data-col-num=\"6\" data-wide-col-num=\"6\" data-laptop-col=\"5\" data-h-tablet-columns-num=\"4\" data-v-tablet-columns-num=\"3\" data-phone-columns-num=\"1\" data-col-gap=\"10\" data-stage-padding=\"0\" data-speed=\"600\" data-autoplay=\"false\" data-autoplay_speed=\"6000\" data-arrows=\"true\" data-bullet=\"false\" data-next-icon=\"icon-ar-017-r\" data-prev-icon=\"icon-ar-017-l\" data-img-shadow-size=\"12px\" data-img-shadow-spread=\"3px\"><div data-post-id=\"134\" data-date=\"2026-03-23T01:48:26+00:00\" data-name=\"Dise\u00f1o sin t\u00edtulo (45)\"><figure class=\"post\"><a href=\"https:\/\/unifranz.ejesrl.net\/musas\/wp-content\/uploads\/2026\/03\/Diseno-sin-titulo-45.png\" class=\"rollover dt-pswp-item layzr-bg\" data-large_image_width=\"1080\" data-large_image_height=\"1350\" data-dt-img-description=\"\" title=\"Dise\u00f1o sin t\u00edtulo (45)\"><img fetchpriority=\"high\" decoding=\"async\" class=\"preload-me owl-lazy-load aspect\" src=\"data:image\/svg+xml,%3Csvg%20xmlns%3D&#39;http%3A%2F%2Fwww.w3.org%2F2000%2Fsvg&#39;%20viewBox%3D&#39;0%200%201080%201080&#39;%2F%3E\" data-src=\"https:\/\/unifranz.ejesrl.net\/musas\/wp-content\/uploads\/2026\/03\/Diseno-sin-titulo-45-1080x1080.png\" data-srcset=\"https:\/\/unifranz.ejesrl.net\/musas\/wp-content\/uploads\/2026\/03\/Diseno-sin-titulo-45-1080x1080.png 1080w\" loading=\"eager\" style=\"--ratio: 1080 \/ 1080\" sizes=\"(max-width: 1080px) 100vw, 1080px\" alt=\"\" width=\"1080\" height=\"1080\"  \/><span class=\"gallery-rollover\"><span class=\"gallery-zoom-ico icomoon-the7-font-the7-zoom-06\"><span><\/span><\/span><\/span><\/a><\/figure><\/div><div data-post-id=\"137\" data-date=\"2026-03-23T01:50:11+00:00\" data-name=\"Dise\u00f1o sin t\u00edtulo (47)\"><figure class=\"post\"><a href=\"https:\/\/unifranz.ejesrl.net\/musas\/wp-content\/uploads\/2026\/03\/Diseno-sin-titulo-47.png\" class=\"rollover dt-pswp-item layzr-bg\" data-large_image_width=\"1080\" data-large_image_height=\"1350\" data-dt-img-description=\"\" title=\"Dise\u00f1o sin t\u00edtulo (47)\"><img decoding=\"async\" class=\"preload-me owl-lazy-load aspect\" src=\"data:image\/svg+xml,%3Csvg%20xmlns%3D&#39;http%3A%2F%2Fwww.w3.org%2F2000%2Fsvg&#39;%20viewBox%3D&#39;0%200%201080%201080&#39;%2F%3E\" data-src=\"https:\/\/unifranz.ejesrl.net\/musas\/wp-content\/uploads\/2026\/03\/Diseno-sin-titulo-47-1080x1080.png\" data-srcset=\"https:\/\/unifranz.ejesrl.net\/musas\/wp-content\/uploads\/2026\/03\/Diseno-sin-titulo-47-1080x1080.png 1080w\" loading=\"eager\" style=\"--ratio: 1080 \/ 1080\" sizes=\"(max-width: 1080px) 100vw, 1080px\" alt=\"\" width=\"1080\" height=\"1080\"  \/><span class=\"gallery-rollover\"><span class=\"gallery-zoom-ico icomoon-the7-font-the7-zoom-06\"><span><\/span><\/span><\/span><\/a><\/figure><\/div><div data-post-id=\"135\" data-date=\"2026-03-23T01:49:01+00:00\" data-name=\"Dise\u00f1o sin t\u00edtulo (46)\"><figure class=\"post\"><a href=\"https:\/\/unifranz.ejesrl.net\/musas\/wp-content\/uploads\/2026\/03\/Diseno-sin-titulo-46.png\" class=\"rollover dt-pswp-item layzr-bg\" data-large_image_width=\"1080\" data-large_image_height=\"1350\" data-dt-img-description=\"\" title=\"Dise\u00f1o sin t\u00edtulo (46)\"><img decoding=\"async\" class=\"preload-me owl-lazy-load aspect\" src=\"data:image\/svg+xml,%3Csvg%20xmlns%3D&#39;http%3A%2F%2Fwww.w3.org%2F2000%2Fsvg&#39;%20viewBox%3D&#39;0%200%201080%201080&#39;%2F%3E\" data-src=\"https:\/\/unifranz.ejesrl.net\/musas\/wp-content\/uploads\/2026\/03\/Diseno-sin-titulo-46-1080x1080.png\" data-srcset=\"https:\/\/unifranz.ejesrl.net\/musas\/wp-content\/uploads\/2026\/03\/Diseno-sin-titulo-46-1080x1080.png 1080w\" loading=\"eager\" style=\"--ratio: 1080 \/ 1080\" sizes=\"(max-width: 1080px) 100vw, 1080px\" alt=\"\" width=\"1080\" height=\"1080\"  \/><span class=\"gallery-rollover\"><span class=\"gallery-zoom-ico icomoon-the7-font-the7-zoom-06\"><span><\/span><\/span><\/span><\/a><\/figure><\/div><\/div>[vc_column_text css_animation=\u00bbfadeInDown\u00bb css=\u00bb\u00bb]Aqu\u00ed no solo vienes a tomar caf\u00e9\u2026 vienes a sentir arte, desconectarte y vivir algo diferente<\/p>\n<p>En Las Musas, tenemos eventos como: eventos musicales con artistas locales, exhibiciones artisticas.[\/vc_column_text][vc_text_separator title=\u00bbNuestras Redes sociales\u00bb color=\u00bbblue\u00bb style=\u00bbshadow\u00bb border_width=\u00bb2&#8243; css_animation=\u00bbfadeInDownBig\u00bb][vc_raw_html css=\u00bb\u00bb]JTNDYmxvY2txdW90ZSUyMGNsYXNzJTNEJTIydGlrdG9rLWVtYmVkJTIyJTIwY2l0ZSUzRCUyMmh0dHBzJTNBJTJGJTJGd3d3LnRpa3Rvay5jb20lMkYlNDBsYXNtdXNhcy5vciUyRnZpZGVvJTJGNzUzMDg1MDM0MTQ1ODM0OTMxOCUyMiUyMGRhdGEtdmlkZW8taWQlM0QlMjI3NTMwODUwMzQxNDU4MzQ5MzE4JTIyJTIwc3R5bGUlM0QlMjJtYXgtd2lkdGglM0ElMjA2MDVweCUzQm1pbi13aWR0aCUzQSUyMDMyNXB4JTNCJTIyJTIwJTNFJTIwJTNDc2VjdGlvbiUzRSUyMCUzQ2ElMjB0YXJnZXQlM0QlMjJfYmxhbmslMjIlMjB0aXRsZSUzRCUyMiU0MGxhc211c2FzLm9yJTIyJTIwaHJlZiUzRCUyMmh0dHBzJTNBJTJGJTJGd3d3LnRpa3Rvay5jb20lMkYlNDBsYXNtdXNhcy5vciUzRnJlZmVyJTNEZW1iZWQlMjIlM0UlNDBsYXNtdXNhcy5vciUzQyUyRmElM0UlMjAlQzIlQkZRdWklQzMlQTluJTIwZGlqbyUyMHF1ZSUyMGVsJTIwYnJ1bmNoJTIwZXMlMjBzb2xvJTIwZGUlMjBkJUMzJUFEYSUzRiVFMiU5QyVBOCVFRiVCOCU4RiVFMiU5OCU5NSVFRiVCOCU4RiUzQ2ElMjB0aXRsZSUzRCUyMmJydW5jaG5vY3R1cm5vJTIyJTIwdGFyZ2V0JTNEJTIyX2JsYW5rJTIyJTIwaHJlZiUzRCUyMmh0dHBzJTNBJTJGJTJGd3d3LnRpa3Rvay5jb20lMkZ0YWclMkZicnVuY2hub2N0dXJubyUzRnJlZmVyJTNEZW1iZWQlMjIlM0UlMjNicnVuY2hub2N0dXJubyUzQyUyRmElM0UlMjAlM0NhJTIwdGl0bGUlM0QlMjJsYXNtdXNhcyUyMiUyMHRhcmdldCUzRCUyMl9ibGFuayUyMiUyMGhyZWYlM0QlMjJodHRwcyUzQSUyRiUyRnd3dy50aWt0b2suY29tJTJGdGFnJTJGbGFzbXVzYXMlM0ZyZWZlciUzRGVtYmVkJTIyJTNFJTIzbGFzbXVzYXMlM0MlMkZhJTNFJTIwJTNDYSUyMHRpdGxlJTNEJTIyY29taWRhJTIyJTIwdGFyZ2V0JTNEJTIyX2JsYW5rJTIyJTIwaHJlZiUzRCUyMmh0dHBzJTNBJTJGJTJGd3d3LnRpa3Rvay5jb20lMkZ0YWclMkZjb21pZGElM0ZyZWZlciUzRGVtYmVkJTIyJTNFJTIzY29taWRhJTNDJTJGYSUzRSUyMCUzQ2ElMjB0aXRsZSUzRCUyMm9ydXJvJTIyJTIwdGFyZ2V0JTNEJTIyX2JsYW5rJTIyJTIwaHJlZiUzRCUyMmh0dHBzJTNBJTJGJTJGd3d3LnRpa3Rvay5jb20lMkZ0YWclMkZvcnVybyUzRnJlZmVyJTNEZW1iZWQlMjIlM0UlMjNvcnVybyUzQyUyRmElM0UlMjAlM0NhJTIwdGl0bGUlM0QlMjJjYWYlQzMlQTklMjIlMjB0YXJnZXQlM0QlMjJfYmxhbmslMjIlMjBocmVmJTNEJTIyaHR0cHMlM0ElMkYlMkZ3d3cudGlrdG9rLmNvbSUyRnRhZyUyRmNhZiUyNUMzJTI1QTklM0ZyZWZlciUzRGVtYmVkJTIyJTNFJTIzY2FmJUMzJUE5JTNDJTJGYSUzRSUyMCUzQ2ElMjB0aXRsZSUzRCUyMmZ5cHBwcHBwcHBwcHBwcHBwcHBwcHBwcHAlMjIlMjB0YXJnZXQlM0QlMjJfYmxhbmslMjIlMjBocmVmJTNEJTIyaHR0cHMlM0ElMkYlMkZ3d3cudGlrdG9rLmNvbSUyRnRhZyUyRmZ5cHBwcHBwcHBwcHBwcHBwcHBwcHBwcHAlM0ZyZWZlciUzRGVtYmVkJTIyJTNFJTIzZnlwcHBwcHBwcHBwcHBwcHBwcHBwcHBwcCUzQyUyRmElM0UlMjAlM0NhJTIwdGl0bGUlM0QlMjJ4eXpiY2FmeXAlRTMlODIlQjclMjIlMjB0YXJnZXQlM0QlMjJfYmxhbmslMjIlMjBocmVmJTNEJTIyaHR0cHMlM0ElMkYlMkZ3d3cudGlrdG9rLmNvbSUyRnRhZyUyRnh5emJjYWZ5cCUyNUUzJTI1ODIlMjVCNyUzRnJlZmVyJTNEZW1iZWQlMjIlM0UlMjN4eXpiY2FmeXAlRTMlODIlQjclM0MlMkZhJTNFJTIwJTNDYSUyMHRhcmdldCUzRCUyMl9ibGFuayUyMiUyMHRpdGxlJTNEJTIyJUUyJTk5JUFDJTIwc3Vvbm8lMjBvcmlnaW5hbGUlMjAtJTIwTWklMjAlRjAlOUYlOEUlQjZyaXRvcm5hJUYwJTlGJThFJUE3aW4lRjAlOUYlOEUlQjZtZW50ZSVGMCU5RiU4RSVCNiUyMiUyMGhyZWYlM0QlMjJodHRwcyUzQSUyRiUyRnd3dy50aWt0b2suY29tJTJGbXVzaWMlMkZzdW9uby1vcmlnaW5hbGUtNzMwNjE4MjI5NDk0NjAwNzg0MCUzRnJlZmVyJTNEZW1iZWQlMjIlM0UlRTIlOTklQUMlMjBzdW9ubyUyMG9yaWdpbmFsZSUyMC0lMjBNaSUyMCVGMCU5RiU4RSVCNnJpdG9ybmElRjAlOUYlOEUlQTdpbiVGMCU5RiU4RSVCNm1lbnRlJUYwJTlGJThFJUI2JTNDJTJGYSUzRSUyMCUzQyUyRnNlY3Rpb24lM0UlMjAlM0MlMkZibG9ja3F1b3RlJTNFJTIwJTNDc2NyaXB0JTIwYXN5bmMlMjBzcmMlM0QlMjJodHRwcyUzQSUyRiUyRnd3dy50aWt0b2suY29tJTJGZW1iZWQuanMlMjIlM0UlM0MlMkZzY3JpcHQlM0U=[\/vc_raw_html][\/vc_column][\/vc_row][vc_row][vc_column][vc_text_separator title=\u00bbExpresa tu voz\u00bb color=\u00bbblue\u00bb border_width=\u00bb2&#8243;][vc_column_text css=\u00bb\u00bb]<\/p>\n<p data-start=\"1180\" data-end=\"1366\">As\u00ed como cada obra refleja una emoci\u00f3n, queremos conocer la tuya.<br data-start=\"1245\" data-end=\"1248\" \/>Este espacio es completamente an\u00f3nimo. Puedes compartir tus ideas, dudas o incluso aquello que no te haya gustado.<\/p>\n<p data-start=\"1373\" data-end=\"1417\">Tu opini\u00f3n tambi\u00e9n es parte de nuestra obra.<\/p>\n<p>[\/vc_column_text]<style type=\"text\/css\" data-type=\"the7_shortcodes-inline-css\">#default-btn-de490c495b0939c5399c07b04d1d1579.ico-right-side > i {\n  margin-right: 0px;\n  margin-left: 8px;\n}\n#default-btn-de490c495b0939c5399c07b04d1d1579 > i {\n  margin-right: 8px;\n}<\/style><a href=\"https:\/\/docs.google.com\/forms\/d\/e\/1FAIpQLSdQmFz-wMi9x2viLNAH_ouq8XCOTsQhj0xHnGdtE3mXFRm-Eg\/viewform?usp=header\" class=\"default-btn-shortcode dt-btn dt-btn-m link-hover-off btn-inline-left \" target=\"_blank\" id=\"default-btn-de490c495b0939c5399c07b04d1d1579\" rel=\"noopener\"><span>ay\u00fadanos con tu opini\u00f3n<\/span><\/a>[\/vc_column][\/vc_row][vc_row][vc_column][vc_cta h2=\u00bbAy\u00fadanos a crear la pr\u00f3xima obra\u00bb h4=\u00bb\u00bfQu\u00e9 te gustar\u00eda probar?\u00bb txt_align=\u00bbcenter\u00bb color=\u00bbblue\u00bb add_button=\u00bbbottom\u00bb btn_title=\u00bbMen\u00fa\u00bb btn_color=\u00bbprimary\u00bb css_animation=\u00bbfadeInDown\u00bb css=\u00bb\u00bb btn_link=\u00bburl:https%3A%2F%2Fmusas.mercadolacancha.com%2Fmenu%2F|title:Men%C3%BA\u00bb][\/vc_cta][\/vc_column][\/vc_row]<\/p>\n<\/div>","protected":false},"excerpt":{"rendered":"<p>[vc_row][vc_column][vc_single_image image=\u00bb25&#8243; img_size=\u00bbfull\u00bb css=\u00bb\u00bb][\/vc_column][\/vc_row][vc_row][vc_column][vc_text_separator title=\u00bb\u00bfQuienes somos?\u00bb color=\u00bbblue\u00bb css_animation=\u00bbfadeInRight\u00bb css=\u00bb\u00bb][vc_column_text css=\u00bb\u00bb]En Las Musas, cada taza nace de la inspiraci\u00f3n art\u00edstica. Nos inspiramos en la intensidad y emoci\u00f3n de Vincent van Gogh para crear un espacio donde el caf\u00e9, el arte y la creatividad se encuentran[\/vc_column_text][\/vc_column][\/vc_row][vc_row][vc_column][vc_text_separator title=\u00bbEventos\u00bb color=\u00bbblue\u00bb][vc_column_text css_animation=\u00bbfadeInDown\u00bb css=\u00bb\u00bb]Aqu\u00ed no solo vienes a tomar caf\u00e9\u2026 vienes&hellip;<\/p>\n","protected":false},"author":2,"featured_media":0,"parent":0,"menu_order":0,"comment_status":"closed","ping_status":"closed","template":"","meta":{"footnotes":""},"class_list":["post-21","page","type-page","status-publish","hentry","description-off"],"_links":{"self":[{"href":"https:\/\/unifranz.ejesrl.net\/musas\/wp-json\/wp\/v2\/pages\/21","targetHints":{"allow":["GET"]}}],"collection":[{"href":"https:\/\/unifranz.ejesrl.net\/musas\/wp-json\/wp\/v2\/pages"}],"about":[{"href":"https:\/\/unifranz.ejesrl.net\/musas\/wp-json\/wp\/v2\/types\/page"}],"author":[{"embeddable":true,"href":"https:\/\/unifranz.ejesrl.net\/musas\/wp-json\/wp\/v2\/users\/2"}],"replies":[{"embeddable":true,"href":"https:\/\/unifranz.ejesrl.net\/musas\/wp-json\/wp\/v2\/comments?post=21"}],"version-history":[{"count":19,"href":"https:\/\/unifranz.ejesrl.net\/musas\/wp-json\/wp\/v2\/pages\/21\/revisions"}],"predecessor-version":[{"id":145,"href":"https:\/\/unifranz.ejesrl.net\/musas\/wp-json\/wp\/v2\/pages\/21\/revisions\/145"}],"wp:attachment":[{"href":"https:\/\/unifranz.ejesrl.net\/musas\/wp-json\/wp\/v2\/media?parent=21"}],"curies":[{"name":"wp","href":"https:\/\/api.w.org\/{rel}","templated":true}]}}