{"id":13,"date":"2026-03-16T23:31:27","date_gmt":"2026-03-16T23:31:27","guid":{"rendered":"https:\/\/kechurros.mercadolacancha.com\/?page_id=13"},"modified":"2026-04-13T23:16:48","modified_gmt":"2026-04-13T23:16:48","slug":"inicio","status":"publish","type":"page","link":"https:\/\/unifranz.ejesrl.net\/kechurros\/","title":{"rendered":"Inicio"},"content":{"rendered":"<div class=\"wpb-content-wrapper\"><p>[vc_row][vc_column][vc_single_image image=\u00bb38&#8243; img_size=\u00bbfull\u00bb style=\u00bbvc_box_shadow_3d\u00bb css=\u00bb\u00bb][\/vc_column][\/vc_row][vc_row][vc_column width=\u00bb1\/2&#8243;][vc_column_text css=\u00bb\u00bb]<\/p>\n<h3 data-section-id=\"11l00ie\" data-start=\"162\" data-end=\"177\">Misi\u00f3n<\/h3>\n<p data-start=\"178\" data-end=\"395\">Ofrecer churros rellenos de alta calidad, deliciosos y accesibles, brindando una experiencia dulce y memorable a nuestros clientes, con atenci\u00f3n c\u00e1lida y productos frescos que reflejen el sabor y la creatividad local.<\/p>\n<p>[\/vc_column_text][\/vc_column][vc_column width=\u00bb1\/2&#8243;][vc_column_text css=\u00bb\u00bb]<\/p>\n<h3 data-section-id=\"1o3m86l\" data-start=\"397\" data-end=\"413\">Visi\u00f3n<\/h3>\n<p data-start=\"414\" data-end=\"634\">Ser la marca de churros m\u00e1s reconocida en Cochabamba, destac\u00e1ndonos por nuestra innovaci\u00f3n en sabores, excelente servicio y crecimiento constante, convirti\u00e9ndonos en la primera opci\u00f3n cuando se piense en un antojo dulce.<\/p>\n<p>[\/vc_column_text][\/vc_column][vc_column][\/vc_column][\/vc_row]<\/p>\n<\/div>","protected":false},"excerpt":{"rendered":"<p>[vc_row][vc_column][vc_single_image image=\u00bb38&#8243; img_size=\u00bbfull\u00bb style=\u00bbvc_box_shadow_3d\u00bb css=\u00bb\u00bb][\/vc_column][\/vc_row][vc_row][vc_column width=\u00bb1\/2&#8243;][vc_column_text css=\u00bb\u00bb] Misi\u00f3n Ofrecer churros rellenos de alta calidad, deliciosos y accesibles, brindando una experiencia dulce y memorable a nuestros clientes, con atenci\u00f3n c\u00e1lida y productos frescos que reflejen el sabor y la creatividad local. [\/vc_column_text][\/vc_column][vc_column width=\u00bb1\/2&#8243;][vc_column_text css=\u00bb\u00bb] Visi\u00f3n Ser la marca de churros m\u00e1s reconocida en Cochabamba, destac\u00e1ndonos por&hellip;<\/p>\n","protected":false},"author":1,"featured_media":0,"parent":0,"menu_order":0,"comment_status":"closed","ping_status":"closed","template":"","meta":{"footnotes":""},"class_list":["post-13","page","type-page","status-publish","hentry","description-off"],"_links":{"self":[{"href":"https:\/\/unifranz.ejesrl.net\/kechurros\/wp-json\/wp\/v2\/pages\/13","targetHints":{"allow":["GET"]}}],"collection":[{"href":"https:\/\/unifranz.ejesrl.net\/kechurros\/wp-json\/wp\/v2\/pages"}],"about":[{"href":"https:\/\/unifranz.ejesrl.net\/kechurros\/wp-json\/wp\/v2\/types\/page"}],"author":[{"embeddable":true,"href":"https:\/\/unifranz.ejesrl.net\/kechurros\/wp-json\/wp\/v2\/users\/1"}],"replies":[{"embeddable":true,"href":"https:\/\/unifranz.ejesrl.net\/kechurros\/wp-json\/wp\/v2\/comments?post=13"}],"version-history":[{"count":4,"href":"https:\/\/unifranz.ejesrl.net\/kechurros\/wp-json\/wp\/v2\/pages\/13\/revisions"}],"predecessor-version":[{"id":39,"href":"https:\/\/unifranz.ejesrl.net\/kechurros\/wp-json\/wp\/v2\/pages\/13\/revisions\/39"}],"wp:attachment":[{"href":"https:\/\/unifranz.ejesrl.net\/kechurros\/wp-json\/wp\/v2\/media?parent=13"}],"curies":[{"name":"wp","href":"https:\/\/api.w.org\/{rel}","templated":true}]}}