{"id":31,"date":"2026-03-16T23:12:19","date_gmt":"2026-03-16T23:12:19","guid":{"rendered":"https:\/\/howlita.mercadolacancha.com\/?page_id=31"},"modified":"2026-04-27T22:41:50","modified_gmt":"2026-04-27T22:41:50","slug":"inicio","status":"publish","type":"page","link":"https:\/\/unifranz.ejesrl.net\/howlita\/","title":{"rendered":"Inicio"},"content":{"rendered":"<div class=\"wpb-content-wrapper\"><p>[vc_row][vc_column][vc_column_text css=\u00bb\u00bb]<\/p>\n<h1><em><strong>Bienvenida a Howlita<\/strong><\/em><\/h1>\n<p><em>Estamos aqu\u00ed para hacerte brillar, por dentro y por fuera.<\/em>[\/vc_column_text][vc_separator color=\u00bbblack\u00bb css=\u00bb\u00bb][vc_zigzag color=\u00bbblack\u00bb el_border_width=\u00bb10&#8243;][\/vc_column][\/vc_row][vc_row][vc_column width=\u00bb1\/2&#8243;][vc_single_image image=\u00bb48&#8243; img_size=\u00bbfull\u00bb css=\u00bb\u00bb][\/vc_column][vc_column width=\u00bb1\/2&#8243;][vc_column_text css=\u00bb\u00bb]<\/p>\n<h1 data-start=\"97\" data-end=\"443\"><strong>Bloomsy<\/strong><\/h1>\n<p data-start=\"97\" data-end=\"443\">Una joya pensada para destacar con sutileza. Esta cadena dorada incorpora un delicado dije en forma de flor negra, creando un contraste sofisticado que transmite elegancia y personalidad. La combinaci\u00f3n del dorado con el negro convierte a esta pieza en un accesorio vers\u00e1til, ideal tanto para ocasiones especiales como para elevar un look diario.<\/p>\n<p data-start=\"445\" data-end=\"704\">Forma parte de una nueva colecci\u00f3n de joyas inspirada en la belleza de los detalles y en la fuerza de lo simple. Cada pieza ha sido dise\u00f1ada para resaltar la esencia de quien la lleva, convirti\u00e9ndose en m\u00e1s que un accesorio: en una expresi\u00f3n de estilo propio.<\/p>\n<p>[\/vc_column_text][\/vc_column][\/vc_row][vc_row][vc_column][vc_zigzag color=\u00bbblack\u00bb][\/vc_column][\/vc_row][vc_row][vc_column width=\u00bb1\/3&#8243;][vc_single_image image=\u00bb57&#8243; img_size=\u00bbfull\u00bb][\/vc_column][vc_column width=\u00bb1\/3&#8243;][vc_column_text]<\/p>\n<h1 data-start=\"62\" data-end=\"385\">Lovelle<\/h1>\n<p data-start=\"62\" data-end=\"385\">Una joya delicada que resalta la belleza en los peque\u00f1os detalles. Esta cadena dorada incorpora un fino dije de coraz\u00f3n en tama\u00f1o peque\u00f1o, adornado con sutiles perlitas que aportan un toque de luz y sofisticaci\u00f3n. Su dise\u00f1o minimalista y femenino la convierte en el complemento perfecto para un estilo elegante y atemporal.<\/p>\n<p data-start=\"387\" data-end=\"626\">Ideal para llevar todos los d\u00edas o para regalar en momentos especiales, esta pieza transmite dulzura, amor y delicadeza. Forma parte de una nueva colecci\u00f3n de joyas pensada para quienes valoran los detalles sutiles que hacen la diferencia.<\/p>\n<p>[\/vc_column_text][\/vc_column][vc_column width=\u00bb1\/3&#8243;][vc_single_image image=\u00bb58&#8243; img_size=\u00bbfull\u00bb][\/vc_column][\/vc_row][vc_row][vc_column][vc_zigzag color=\u00bbblack\u00bb][\/vc_column][\/vc_row][vc_row][vc_column width=\u00bb1\/4&#8243;][vc_single_image image=\u00bb60&#8243; img_size=\u00bbfull\u00bb css=\u00bb\u00bb][\/vc_column][vc_column width=\u00bb1\/4&#8243;][vc_column_text css=\u00bb\u00bb]<\/p>\n<h1>Esmerelle<\/h1>\n<p data-start=\"61\" data-end=\"293\">Un collar elegante y atemporal, elaborado con delicadas perlas que aportan un brillo suave y sofisticado. Su dise\u00f1o cl\u00e1sico realza la belleza natural de cada detalle, convirti\u00e9ndolo en el complemento perfecto para cualquier ocasi\u00f3n.<\/p>\n<p data-start=\"295\" data-end=\"484\">Vers\u00e1til y femenino, es ideal para elevar tanto looks diarios como outfits m\u00e1s especiales. Forma parte de una colecci\u00f3n inspirada en la elegancia de lo simple y en resaltar tu estilo \u00fanico.<\/p>\n<p>[\/vc_column_text][\/vc_column][vc_column width=\u00bb1\/4&#8243;][vc_single_image image=\u00bb61&#8243; img_size=\u00bbfull\u00bb css=\u00bb\u00bb][\/vc_column][vc_column width=\u00bb1\/4&#8243;][vc_column_text css=\u00bb\u00bb]<\/p>\n<h1>Aurelia Pearl<\/h1>\n<p data-start=\"51\" data-end=\"260\">Una joya inspirada en la frescura de la naturaleza, con delicadas piedras verdes que aportan brillo, armon\u00eda y un toque sofisticado. Su dise\u00f1o combina elegancia y modernidad, ideal para realzar cualquier look.<\/p>\n<p data-start=\"262\" data-end=\"374\">Vers\u00e1til y con personalidad, forma parte de una colecci\u00f3n que resalta la belleza de lo simple y tu estilo \u00fanico.<\/p>\n<p>[\/vc_column_text][\/vc_column][\/vc_row]<\/p>\n<\/div>","protected":false},"excerpt":{"rendered":"<p>[vc_row][vc_column][vc_column_text css=\u00bb\u00bb] Bienvenida a Howlita Estamos aqu\u00ed para hacerte brillar, por dentro y por fuera.[\/vc_column_text][vc_separator color=\u00bbblack\u00bb css=\u00bb\u00bb][vc_zigzag color=\u00bbblack\u00bb el_border_width=\u00bb10&#8243;][\/vc_column][\/vc_row][vc_row][vc_column width=\u00bb1\/2&#8243;][vc_single_image image=\u00bb48&#8243; img_size=\u00bbfull\u00bb css=\u00bb\u00bb][\/vc_column][vc_column width=\u00bb1\/2&#8243;][vc_column_text css=\u00bb\u00bb] Bloomsy Una joya pensada para destacar con sutileza. Esta cadena dorada incorpora un delicado dije en forma de flor negra, creando un contraste sofisticado que transmite elegancia y personalidad. La&hellip;<\/p>\n","protected":false},"author":1,"featured_media":0,"parent":0,"menu_order":0,"comment_status":"closed","ping_status":"closed","template":"","meta":{"footnotes":""},"class_list":["post-31","page","type-page","status-publish","hentry","description-off"],"_links":{"self":[{"href":"https:\/\/unifranz.ejesrl.net\/howlita\/wp-json\/wp\/v2\/pages\/31","targetHints":{"allow":["GET"]}}],"collection":[{"href":"https:\/\/unifranz.ejesrl.net\/howlita\/wp-json\/wp\/v2\/pages"}],"about":[{"href":"https:\/\/unifranz.ejesrl.net\/howlita\/wp-json\/wp\/v2\/types\/page"}],"author":[{"embeddable":true,"href":"https:\/\/unifranz.ejesrl.net\/howlita\/wp-json\/wp\/v2\/users\/1"}],"replies":[{"embeddable":true,"href":"https:\/\/unifranz.ejesrl.net\/howlita\/wp-json\/wp\/v2\/comments?post=31"}],"version-history":[{"count":19,"href":"https:\/\/unifranz.ejesrl.net\/howlita\/wp-json\/wp\/v2\/pages\/31\/revisions"}],"predecessor-version":[{"id":155,"href":"https:\/\/unifranz.ejesrl.net\/howlita\/wp-json\/wp\/v2\/pages\/31\/revisions\/155"}],"wp:attachment":[{"href":"https:\/\/unifranz.ejesrl.net\/howlita\/wp-json\/wp\/v2\/media?parent=31"}],"curies":[{"name":"wp","href":"https:\/\/api.w.org\/{rel}","templated":true}]}}